{"id":1323,"date":"2023-01-10T19:44:40","date_gmt":"2023-01-10T19:44:40","guid":{"rendered":"https:\/\/zchraeiligegmacht.ch\/?post_type=product&#038;p=1323"},"modified":"2023-01-10T19:45:52","modified_gmt":"2023-01-10T19:45:52","slug":"roeckli-128","status":"publish","type":"product","link":"https:\/\/zchraeiligegmacht.ch\/?product=roeckli-128","title":{"rendered":"R\u00f6ckli 128"},"content":{"rendered":"<p>R\u00f6ckli aus Jersey, ohne Arm, Neckholder<\/p>\n<p><span style=\"font-size: 1rem;\">Rosa, Indianerm\u00e4dchen<\/span><\/p>\n<p><span style=\"font-size: 1rem;\">Gr\u00f6sse: 128<\/span><\/p>\n<p>darf unverbindlich bei uns anprobiert werden.<\/p>\n","protected":false},"excerpt":{"rendered":"<p>R\u00f6ckli aus Jersey, ohne Arm, Neckholder Rosa, Indianerm\u00e4dchen Gr\u00f6sse: 128 darf unverbindlich bei uns anprobiert werden.<\/p>\n","protected":false},"featured_media":1286,"comment_status":"closed","ping_status":"closed","template":"","meta":[],"product_brand":[],"product_cat":[51,50],"product_tag":[169,168,78,77],"class_list":{"0":"post-1323","1":"product","2":"type-product","3":"status-publish","4":"has-post-thumbnail","6":"product_cat-kinderroeckli","7":"product_cat-kleider","8":"product_tag-anker","9":"product_tag-jersey","10":"product_tag-maedchen","11":"product_tag-roeckli","13":"first","14":"instock","15":"shipping-taxable","16":"purchasable","17":"product-type-simple"},"jetpack_sharing_enabled":true,"_links":{"self":[{"href":"https:\/\/zchraeiligegmacht.ch\/index.php?rest_route=\/wp\/v2\/product\/1323","targetHints":{"allow":["GET"]}}],"collection":[{"href":"https:\/\/zchraeiligegmacht.ch\/index.php?rest_route=\/wp\/v2\/product"}],"about":[{"href":"https:\/\/zchraeiligegmacht.ch\/index.php?rest_route=\/wp\/v2\/types\/product"}],"replies":[{"embeddable":true,"href":"https:\/\/zchraeiligegmacht.ch\/index.php?rest_route=%2Fwp%2Fv2%2Fcomments&post=1323"}],"wp:featuredmedia":[{"embeddable":true,"href":"https:\/\/zchraeiligegmacht.ch\/index.php?rest_route=\/wp\/v2\/media\/1286"}],"wp:attachment":[{"href":"https:\/\/zchraeiligegmacht.ch\/index.php?rest_route=%2Fwp%2Fv2%2Fmedia&parent=1323"}],"wp:term":[{"taxonomy":"product_brand","embeddable":true,"href":"https:\/\/zchraeiligegmacht.ch\/index.php?rest_route=%2Fwp%2Fv2%2Fproduct_brand&post=1323"},{"taxonomy":"product_cat","embeddable":true,"href":"https:\/\/zchraeiligegmacht.ch\/index.php?rest_route=%2Fwp%2Fv2%2Fproduct_cat&post=1323"},{"taxonomy":"product_tag","embeddable":true,"href":"https:\/\/zchraeiligegmacht.ch\/index.php?rest_route=%2Fwp%2Fv2%2Fproduct_tag&post=1323"}],"curies":[{"name":"wp","href":"https:\/\/api.w.org\/{rel}","templated":true}]}}