{"id":1638,"date":"2026-03-11T15:06:35","date_gmt":"2026-03-11T15:06:35","guid":{"rendered":"https:\/\/zchraeiligegmacht.ch\/?post_type=product&#038;p=1638"},"modified":"2026-03-24T17:51:00","modified_gmt":"2026-03-24T17:51:00","slug":"bauchtaeschli-beispielbilder","status":"publish","type":"product","link":"https:\/\/zchraeiligegmacht.ch\/?product=bauchtaeschli-beispielbilder","title":{"rendered":"Baucht\u00e4schli &#8211; Beispielbilder"},"content":{"rendered":"<p>\u00dcsi Buucht\u00e4schli&#8230;100x gn\u00e4it, 100x f\u00fcr super befunde&#8230;immer derbi we nume s chline Gep\u00e4ck bruchsch.<\/p>\n<p>Unsere Baucht\u00e4schli sind aus wasserabweisenden Materialien gen\u00e4ht, entweder aus beschichteten Stoffen oder aus Kunstleder.<br \/>\nAlle Baucht\u00e4schli haben 3 F\u00e4cher, ein r\u00fcckw\u00e4rtiges Fach welches eng am K\u00f6rper anliegt, ein vorderes Fach welches durch eine Lasche gesch\u00fctzt ist und das Hauptfach welches sogar Platz f\u00fcr eine kleine Petflasche bietet.<\/p>\n<p>Das Baucht\u00e4schli\u00a0 &#8222;Original&#8220; hat eine Breite von ca. 25.5cm Breit und eine H\u00f6he von ca. 14cm. ab Fr. 95.-<br \/>\nDas Baucht\u00e4schli &#8222;chli gr\u00f6sser&#8220; hat eine Breite von ca. 27.5cm und eine H\u00f6he von ca. 16cm. ab Fr. 105.-<\/p>\n<p>In der Swidro Drogerie Elmer in B\u00e4tterkinden sind laufend aktuelle Modelle ausgestellt, zum anfassen, \u00f6ffnen und kaufen.<\/p>\n<p>Hast Du einen speziellen Wunsch? Melde dich.<br \/>\nHier findest Du ein paar Bilder als Idee wie dein Baucht\u00e4schli aussehen k\u00f6nnte.<\/p>\n","protected":false},"excerpt":{"rendered":"<p>\u00dcsi Buucht\u00e4schli&#8230;100x gn\u00e4it, 100x f\u00fcr super befunde&#8230;immer derbi we nume s chline Gep\u00e4ck bruchsch. Unsere Baucht\u00e4schli sind aus wasserabweisenden Materialien gen\u00e4ht, entweder aus beschichteten Stoffen oder aus Kunstleder. Alle Baucht\u00e4schli haben 3 F\u00e4cher, ein r\u00fcckw\u00e4rtiges Fach welches eng am K\u00f6rper anliegt, ein vorderes Fach welches durch eine Lasche gesch\u00fctzt ist und das Hauptfach welches sogar &hellip; <\/p>\n<p class=\"link-more\"><a href=\"https:\/\/zchraeiligegmacht.ch\/?product=bauchtaeschli-beispielbilder\" class=\"more-link\"><span class=\"screen-reader-text\">\u201eBaucht\u00e4schli &#8211; Beispielbilder\u201c <\/span>weiterlesen<\/a><\/p>\n","protected":false},"featured_media":1630,"comment_status":"closed","ping_status":"closed","template":"","meta":[],"product_brand":[],"product_cat":[79,23],"product_tag":[80,189,81],"class_list":{"0":"post-1638","1":"product","2":"type-product","3":"status-publish","4":"has-post-thumbnail","6":"product_cat-bauchtaeschli","7":"product_cat-taschen","8":"product_tag-bauchtaeschli","9":"product_tag-begleiter","10":"product_tag-buuchtaeschli","12":"first","13":"outofstock","14":"shipping-taxable","15":"purchasable","16":"product-type-simple"},"jetpack_sharing_enabled":true,"_links":{"self":[{"href":"https:\/\/zchraeiligegmacht.ch\/index.php?rest_route=\/wp\/v2\/product\/1638","targetHints":{"allow":["GET"]}}],"collection":[{"href":"https:\/\/zchraeiligegmacht.ch\/index.php?rest_route=\/wp\/v2\/product"}],"about":[{"href":"https:\/\/zchraeiligegmacht.ch\/index.php?rest_route=\/wp\/v2\/types\/product"}],"replies":[{"embeddable":true,"href":"https:\/\/zchraeiligegmacht.ch\/index.php?rest_route=%2Fwp%2Fv2%2Fcomments&post=1638"}],"wp:featuredmedia":[{"embeddable":true,"href":"https:\/\/zchraeiligegmacht.ch\/index.php?rest_route=\/wp\/v2\/media\/1630"}],"wp:attachment":[{"href":"https:\/\/zchraeiligegmacht.ch\/index.php?rest_route=%2Fwp%2Fv2%2Fmedia&parent=1638"}],"wp:term":[{"taxonomy":"product_brand","embeddable":true,"href":"https:\/\/zchraeiligegmacht.ch\/index.php?rest_route=%2Fwp%2Fv2%2Fproduct_brand&post=1638"},{"taxonomy":"product_cat","embeddable":true,"href":"https:\/\/zchraeiligegmacht.ch\/index.php?rest_route=%2Fwp%2Fv2%2Fproduct_cat&post=1638"},{"taxonomy":"product_tag","embeddable":true,"href":"https:\/\/zchraeiligegmacht.ch\/index.php?rest_route=%2Fwp%2Fv2%2Fproduct_tag&post=1638"}],"curies":[{"name":"wp","href":"https:\/\/api.w.org\/{rel}","templated":true}]}}