{"id":1665,"date":"2026-03-11T15:43:55","date_gmt":"2026-03-11T15:43:55","guid":{"rendered":"https:\/\/zchraeiligegmacht.ch\/?post_type=product&#038;p=1665"},"modified":"2026-03-11T15:43:55","modified_gmt":"2026-03-11T15:43:55","slug":"beanies-chappen-stirnbaender","status":"publish","type":"product","link":"https:\/\/zchraeiligegmacht.ch\/?product=beanies-chappen-stirnbaender","title":{"rendered":"Beanies\/Chappen\/Stirnb\u00e4nder"},"content":{"rendered":"<p>Hier findest Du ein paar Beispiele unserer Beanies, Chappen und Stirnb\u00e4nder.<\/p>\n<p>Diese werden j\u00e4hrlich von uns neu gestaltet und sind jeweils vom Herbst bis Fr\u00fchling in der Swidro Drogerie Elmer erh\u00e4ltlich und nat\u00fcrlich gerne auch auf Anfrage bei uns.<\/p>\n<p>Melde dich wenn du einen speziellen Wunsch hast.<\/p>\n","protected":false},"excerpt":{"rendered":"<p>Hier findest Du ein paar Beispiele unserer Beanies, Chappen und Stirnb\u00e4nder. Diese werden j\u00e4hrlich von uns neu gestaltet und sind jeweils vom Herbst bis Fr\u00fchling in der Swidro Drogerie Elmer erh\u00e4ltlich und nat\u00fcrlich gerne auch auf Anfrage bei uns. Melde dich wenn du einen speziellen Wunsch hast.<\/p>\n","protected":false},"featured_media":1658,"comment_status":"closed","ping_status":"closed","template":"","meta":[],"product_brand":[],"product_cat":[157,42],"product_tag":[158,190,40,152,191,192],"class_list":{"0":"post-1665","1":"product","2":"type-product","3":"status-publish","4":"has-post-thumbnail","6":"product_cat-beanies-chappen-stirnbaender","7":"product_cat-kopfbedeckung","8":"product_tag-beanie","9":"product_tag-chappe","10":"product_tag-kinder","11":"product_tag-stirnband","12":"product_tag-warme-ohren","13":"product_tag-winter","15":"first","16":"outofstock","17":"shipping-taxable","18":"product-type-simple"},"jetpack_sharing_enabled":true,"_links":{"self":[{"href":"https:\/\/zchraeiligegmacht.ch\/index.php?rest_route=\/wp\/v2\/product\/1665","targetHints":{"allow":["GET"]}}],"collection":[{"href":"https:\/\/zchraeiligegmacht.ch\/index.php?rest_route=\/wp\/v2\/product"}],"about":[{"href":"https:\/\/zchraeiligegmacht.ch\/index.php?rest_route=\/wp\/v2\/types\/product"}],"replies":[{"embeddable":true,"href":"https:\/\/zchraeiligegmacht.ch\/index.php?rest_route=%2Fwp%2Fv2%2Fcomments&post=1665"}],"wp:featuredmedia":[{"embeddable":true,"href":"https:\/\/zchraeiligegmacht.ch\/index.php?rest_route=\/wp\/v2\/media\/1658"}],"wp:attachment":[{"href":"https:\/\/zchraeiligegmacht.ch\/index.php?rest_route=%2Fwp%2Fv2%2Fmedia&parent=1665"}],"wp:term":[{"taxonomy":"product_brand","embeddable":true,"href":"https:\/\/zchraeiligegmacht.ch\/index.php?rest_route=%2Fwp%2Fv2%2Fproduct_brand&post=1665"},{"taxonomy":"product_cat","embeddable":true,"href":"https:\/\/zchraeiligegmacht.ch\/index.php?rest_route=%2Fwp%2Fv2%2Fproduct_cat&post=1665"},{"taxonomy":"product_tag","embeddable":true,"href":"https:\/\/zchraeiligegmacht.ch\/index.php?rest_route=%2Fwp%2Fv2%2Fproduct_tag&post=1665"}],"curies":[{"name":"wp","href":"https:\/\/api.w.org\/{rel}","templated":true}]}}