{"id":1666,"date":"2026-03-11T15:50:59","date_gmt":"2026-03-11T15:50:59","guid":{"rendered":"https:\/\/zchraeiligegmacht.ch\/?post_type=product&#038;p=1666"},"modified":"2026-03-11T15:50:59","modified_gmt":"2026-03-11T15:50:59","slug":"portemonnaie-klein-beispielbilder","status":"publish","type":"product","link":"https:\/\/zchraeiligegmacht.ch\/?product=portemonnaie-klein-beispielbilder","title":{"rendered":"Portemonnaie klein &#8211; Beispielbilder"},"content":{"rendered":"<p>Diese Portemonnaies sind ein super Begleiter f\u00fcr die Kinder, f\u00fcr in die Jackentasche oder ins Baucht\u00e4schli.<\/p>\n<p>Die kleinen Portemonnaies findest du in der Swidro Drogerie Elmer zum anfassen und kaufen und nat\u00fcrlich auf Wunsch auch bei uns. Melde dich wenn du einen Wunsch hast.<\/p>\n<p>Gr\u00f6sse: ca. 13x10cm<\/p>\n<p>&nbsp;<\/p>\n","protected":false},"excerpt":{"rendered":"<p>Diese Portemonnaies sind ein super Begleiter f\u00fcr die Kinder, f\u00fcr in die Jackentasche oder ins Baucht\u00e4schli. Die kleinen Portemonnaies findest du in der Swidro Drogerie Elmer zum anfassen und kaufen und nat\u00fcrlich auf Wunsch auch bei uns. Melde dich wenn du einen Wunsch hast. Gr\u00f6sse: ca. 13x10cm &nbsp;<\/p>\n","protected":false},"featured_media":1594,"comment_status":"closed","ping_status":"closed","template":"","meta":[],"product_brand":[],"product_cat":[22,49],"product_tag":[193,20],"class_list":{"0":"post-1666","1":"product","2":"type-product","3":"status-publish","4":"has-post-thumbnail","6":"product_cat-portemonnaie","7":"product_cat-portemonnaie-klein","8":"product_tag-geld","9":"product_tag-portemonnaie","11":"first","12":"outofstock","13":"shipping-taxable","14":"purchasable","15":"product-type-simple"},"jetpack_sharing_enabled":true,"_links":{"self":[{"href":"https:\/\/zchraeiligegmacht.ch\/index.php?rest_route=\/wp\/v2\/product\/1666","targetHints":{"allow":["GET"]}}],"collection":[{"href":"https:\/\/zchraeiligegmacht.ch\/index.php?rest_route=\/wp\/v2\/product"}],"about":[{"href":"https:\/\/zchraeiligegmacht.ch\/index.php?rest_route=\/wp\/v2\/types\/product"}],"replies":[{"embeddable":true,"href":"https:\/\/zchraeiligegmacht.ch\/index.php?rest_route=%2Fwp%2Fv2%2Fcomments&post=1666"}],"wp:featuredmedia":[{"embeddable":true,"href":"https:\/\/zchraeiligegmacht.ch\/index.php?rest_route=\/wp\/v2\/media\/1594"}],"wp:attachment":[{"href":"https:\/\/zchraeiligegmacht.ch\/index.php?rest_route=%2Fwp%2Fv2%2Fmedia&parent=1666"}],"wp:term":[{"taxonomy":"product_brand","embeddable":true,"href":"https:\/\/zchraeiligegmacht.ch\/index.php?rest_route=%2Fwp%2Fv2%2Fproduct_brand&post=1666"},{"taxonomy":"product_cat","embeddable":true,"href":"https:\/\/zchraeiligegmacht.ch\/index.php?rest_route=%2Fwp%2Fv2%2Fproduct_cat&post=1666"},{"taxonomy":"product_tag","embeddable":true,"href":"https:\/\/zchraeiligegmacht.ch\/index.php?rest_route=%2Fwp%2Fv2%2Fproduct_tag&post=1666"}],"curies":[{"name":"wp","href":"https:\/\/api.w.org\/{rel}","templated":true}]}}