{"id":512,"date":"2020-05-14T13:20:33","date_gmt":"2020-05-14T13:20:33","guid":{"rendered":"https:\/\/zchraeiligegmacht.ch\/?post_type=product&#038;p=512"},"modified":"2026-03-11T12:53:10","modified_gmt":"2026-03-11T12:53:10","slug":"stiftehalter","status":"publish","type":"product","link":"https:\/\/zchraeiligegmacht.ch\/?product=stiftehalter","title":{"rendered":"Stiftehalter &#8211; Beispiel, auf Bestellung"},"content":{"rendered":"<p>Stiftehalter f\u00fcr in die Arbeitssch\u00fcrze, so hinterlassen deine Schreibutensilien keine Spuren auf der Kleidung.<\/p>\n<p>Die abgebildeten Stiftehalter sind Beispiele, bitte frag doch kurz an welche aktuell noch am &#8222;Lager&#8220; sind, gerne n\u00e4hen wir dir auch ein Stiftehalter in einer Farbe deiner Wahl.<\/p>\n<p>M\u00f6chtest Du eine Auswahl (20 Stk.) f\u00fcr dein Team damit diese aussuchen k\u00f6nnen? Gerne stellen wir Dir etwas zusammen. Ab 10 verkauften Stiftehaltern darfst Du dir deinen eigenen gratis aussuchen.<\/p>\n<p>&nbsp;<\/p>\n","protected":false},"excerpt":{"rendered":"<p>Stiftehalter divers<\/p>\n","protected":false},"featured_media":509,"comment_status":"open","ping_status":"closed","template":"","meta":[],"product_brand":[],"product_cat":[68,23],"product_tag":[70,69],"class_list":{"0":"post-512","1":"product","2":"type-product","3":"status-publish","4":"has-post-thumbnail","6":"product_cat-stiftehalter","7":"product_cat-taschen","8":"product_tag-pflegefachfrau","9":"product_tag-stiftehalter","11":"first","12":"outofstock","13":"sold-individually","14":"shipping-taxable","15":"product-type-simple"},"jetpack_sharing_enabled":true,"_links":{"self":[{"href":"https:\/\/zchraeiligegmacht.ch\/index.php?rest_route=\/wp\/v2\/product\/512","targetHints":{"allow":["GET"]}}],"collection":[{"href":"https:\/\/zchraeiligegmacht.ch\/index.php?rest_route=\/wp\/v2\/product"}],"about":[{"href":"https:\/\/zchraeiligegmacht.ch\/index.php?rest_route=\/wp\/v2\/types\/product"}],"replies":[{"embeddable":true,"href":"https:\/\/zchraeiligegmacht.ch\/index.php?rest_route=%2Fwp%2Fv2%2Fcomments&post=512"}],"wp:featuredmedia":[{"embeddable":true,"href":"https:\/\/zchraeiligegmacht.ch\/index.php?rest_route=\/wp\/v2\/media\/509"}],"wp:attachment":[{"href":"https:\/\/zchraeiligegmacht.ch\/index.php?rest_route=%2Fwp%2Fv2%2Fmedia&parent=512"}],"wp:term":[{"taxonomy":"product_brand","embeddable":true,"href":"https:\/\/zchraeiligegmacht.ch\/index.php?rest_route=%2Fwp%2Fv2%2Fproduct_brand&post=512"},{"taxonomy":"product_cat","embeddable":true,"href":"https:\/\/zchraeiligegmacht.ch\/index.php?rest_route=%2Fwp%2Fv2%2Fproduct_cat&post=512"},{"taxonomy":"product_tag","embeddable":true,"href":"https:\/\/zchraeiligegmacht.ch\/index.php?rest_route=%2Fwp%2Fv2%2Fproduct_tag&post=512"}],"curies":[{"name":"wp","href":"https:\/\/api.w.org\/{rel}","templated":true}]}}